270?
15
What is the highest common divisor of 3650 and 215172975?
1825
What is the highest common factor of 50714250 and 10875?
375
What is the highest common factor of 74084 and 46?
2
Calculate the greatest common divisor of 966 and 128803542.
966
Calculate the highest common divisor of 4242 and 15433406.
202
What is the highest common factor of 226522 and 3342268?
4274
Calculate the highest common divisor of 25331 and 262946.
73
What is the highest common factor of 16584148 and 1528?
764
What is the greatest common divisor of 886027623 and 78?
39
What is the greatest common factor of 1860 and 6889161?
93
Calculate the greatest common factor of 20 and 123032340.
20
What is the highest common factor of 40450917 and 39?
39
What is the highest common factor of 51108 and 29604?
12
Calculate the greatest common divisor of 8134616 and 64.
8
What is the greatest common factor of 11781 and 1111299?
21
Calculate the highest common divisor of 598609 and 5522.
11
Calculate the greatest common divisor of 11120 and 37965904.
2224
What is the greatest common factor of 80957266 and 10178?
1454
What is the highest common factor of 58185024 and 9308?
716
What is the greatest common divisor of 1771 and 8568252?
77
What is the greatest common factor of 224422935 and 26235?
8745
Calculate the greatest common divisor of 7705501 and 20917.
1609
Calculate the highest common factor of 2784 and 5156896.
928
Calculate the greatest common factor of 359 and 19591.
1
What is the highest common divisor of 1651 and 49982374?
1651
What is the highest common factor of 66 and 791241?
33
What is the highest common factor of 668 and 704591036?
668
Calculate the highest common factor of 6681 and 715479.
51
Calculate the greatest common divisor of 16010673 and 17841.
57
What is the highest common divisor of 14 and 660976?
2
Calculate the greatest common divisor of 31241775 and 45.
15
Calculate the highest common factor of 495 and 20537748.
99
Calculate the greatest common factor of 106644580 and 4165.
245
Calculate the greatest common divisor of 1742 and 15365311.
871
Calculate the greatest common factor of 35243 and 25811431.
2711
What is the highest common divisor of 9 and 380680731?
9
Calculate the greatest common divisor of 1728 and 1409424.
48
Calculate the greatest common factor of 12323657 and 17425.
697
What is the highest common divisor of 428593 and 185086?
517
Calculate the greatest common factor of 831121935 and 4326.
2163
What is the greatest common factor of 20053040 and 8176?
112
Calculate the greatest common factor of 642 and 498930942.
642
Calculate the highest common divisor of 1072 and 59489300.
268
What is the highest common factor of 3361446 and 472824?
594
What is the greatest common factor of 2538307968 and 161?
161
Calculate the greatest common factor of 922335 and 264041.
3617
What is the highest common factor of 20237 and 86789?
59
What is the highest common factor of 114183412 and 1484?
1484
What is the highest common factor of 5919788 and 392?
196
What is the greatest common divisor of 18962 and 7929609?
499
Calculate the highest common factor of 3805154 and 592.
74
What is the highest common factor of 675189 and 675?
27
Calculate the highest common factor of 1792 and 1236576.
32
Calculate the highest common divisor of 516 and 647924.
172
What is the highest common divisor of 2248 and 112366280?
2248
What is the highest common divisor of 13041 and 751617?
207
Calculate the highest common factor of 382 and 17624.
2
What is the highest common divisor of 29303167 and 129?
43
Calculate the highest common factor of 194180 and 17404.
76
Calculate the highest common divisor of 6097161 and 739683.
4179
Calculate the greatest common factor of 105048187 and 2425.
97
Calculate the highest common divisor of 104707000 and 175.
25
What is the highest common factor of 84747 and 3555240?
2067
What is the greatest common divisor of 19780 and 1124976?
92
Calculate the greatest common factor of 501132336 and 120.
24
Calculate the highest common divisor of 114 and 106144488.
114
Calculate the greatest common divisor of 13760 and 14270.
10
What is the highest common factor of 76062920 and 30080?
1880
Calculate the highest common factor of 250 and 18888375.
125
Calculate the highest common factor of 23534 and 154056926.
3362
Calculate the highest common factor of 43 and 157560815.
43
What is the highest common factor of 201 and 76090225?
67
Calculate the highest common factor of 537060 and 2280.
60
What is the highest common factor of 1858744 and 4926?
1642
Calculate the greatest common factor of 4181028 and 60.
12
What is the highest common factor of 539617043 and 2641?
2641
Calculate the greatest common factor of 15092670 and 44030.
370
Calculate the highest common divisor of 2934 and 3479598.
18
What is the highest common factor of 28270938 and 61?
61
What is the highest common divisor of 74166 and 355038?
282
Calculate the greatest common divisor of 63 and 7510005.
9
What is the greatest common divisor of 30 and 21299460?
30
Calculate the greatest common factor of 323618069 and 1317.
439
Calculate the greatest common factor of 1201245 and 6625.
265
Calculate the greatest common factor of 78 and 14192139.
39
Calculate the highest common divisor of 581 and 18310298.
83
Calculate the greatest common factor of 3090 and 890023.
103
Calculate the highest common factor of 10127 and 4936523.
779
What is the greatest common divisor of 117 and 2081651?
13
Calculate the greatest common divisor of 139711 and 359216.
143
Calculate the greatest common divisor of 24583852 and 1264.
316
What is the highest common divisor of 218419542 and 198?
198
What is the greatest common factor of 2413 and 34257361?
2413
Calculate the highest common factor of 21904 and 2183074.
74
Calculate the highest common factor of 4974 and 33832319.
829
Calculate the highest common factor of 5626789 and 1081.
23
Calculate the highest common divisor of 210 and 508788.
42
Calculate the greatest common divisor of 32500570 and 10922.
254
What is the highest common divisor of 7488 and 147719520?
3744
What is the greatest common divisor of 18576 and 38797776?
144
Calculate the highest common divisor of 63585 and 857691.
1413
Calculate the greatest common factor of 415978472 and 504.
56
What is the greatest common factor of 1428297 and 3939?
39
Calculate the greatest common divisor of 1332426 and 3774.
102
What is the highest common factor of 6090752 and 50558?
2974
Calculate the highest common factor of 540538464 and 24.
24
Calculate the greatest common factor of 940 and 7535980.
940
Calculate the greatest common divisor of 28363 and 229163.
251
Calculate the greatest common divisor of 4439796 and 48.
12
Calculate the greatest common factor of 586 and 3305333.
293
Calculate the greatest common factor of 285716 and 856.
4
Calculate the greatest common divisor of 122 and 1233350399.
61
Calculate the greatest common divisor of 239668 and 34528.
52
What is the greatest common factor of 25 and 458814625?
25
What is the highest common divisor of 2217984 and 36100?
1444
What is the highest common factor of 2426 and 12301033?
1213
What is the greatest common divisor of 924 and 15536388?
84
What is the highest common factor of 1380 and 19730596?
92
Calculate the highest common divisor of 1845 and 926928.
369
What is the greatest common factor of 3017874 and 153?
51
What is the greatest common divisor of 801591 and 875022?
123
Calculate the highest common divisor of 4690 and 73898454.
938
What is the highest common divisor of 92759 and 304658?
851
What is the highest common factor of 12582510 and 60?
30
Calculate the greatest common factor of 61190187 and 372.
93
What is the highest common divisor of 1040 and 20505355?
65
What is the greatest common factor of 122413 and 14064728?
751
Calculate the highest common factor of 3062 and 994852986.
3062
What is the highest common factor of 1268 and 28302394?
634
What is the highest common factor of 1536000 and 992?
32
Calculate the greatest common divisor of 33310 and 1222540.
10
What is the greatest common factor of 12585 and 1687638432?
2517
Calculate the greatest common factor of 629 and 21854309.
37
Calculate the greatest common divisor of 3542 and 1381058.
322
What is the g